sor of n and 36?
4
Suppose i - 600 = -0*i. Let q = i - 330. What is the greatest common factor of 30 and q?
30
Let u = 127 - 61. Suppose -n = 4*s - 225, 5*s - 222 - u = n. Let l = -31 + s. Calculate the highest common divisor of 39 and l.
13
Suppose -3*p = u - 7*p - 40, -131 = -3*u + p. Calculate the greatest common factor of u and 88.
44
Let a = 12 + -12. Suppose a*t + 45 = t. Let z = 25 - 10. Calculate the highest common factor of t and z.
15
Suppose 459 = -21*s + 30*s. Calculate the greatest common divisor of s and 187.
17
Let w(u) = -3*u**3 + 5*u**2 + 9*u + 13. Let i be w(-3). What is the highest common divisor of 84 and i?
28
Let o be 8/48 - (-34)/12. Let v(n) = 5 + 3*n - o*n - n + 5*n. Let z be v(3). Calculate the greatest common factor of z and 119.
17
Suppose 3*z + 1 = -5. Let p be (24/(-18))/(z/27). Let v(h) = 5*h**2 - 3*h + 4. Let i be v(-5). What is the greatest common factor of i and p?
18
Suppose -f = 4*h - 12, 3*h - 5*f + 16 = h. Let p = 17 + -10. Suppose 3*k - p*k + 2*z + 20 = 0, 4*z + 20 = 3*k. Calculate the highest common factor of k and h.
2
Suppose -6*p + 4054 = -3200. Calculate the highest common factor of 93 and p.
93
Let i(c) = 105*c**3 + c**2 - 1. Let l be i(-1). Let h = l - -393. Calculate the highest common factor of h and 36.
36
Let z(a) = -a**3 + 11*a**2 - 10*a - 9. Let j be z(10). Let y = j - -24. Let h(v) = -2*v - 11. Let b be h(-8). Calculate the greatest common factor of b and y.
5
Let u(w) = w**3 + 8*w**2 + 2*w + 5. Let b be u(-7). Suppose -95 = -3*s + b. Calculate the greatest common factor of s and 18.
9
Suppose -2*u + 3*r + 8 + 67 = 0, 4*u - 5*r - 145 = 0. Let o = -21 + u. What is the highest common factor of o and 63?
9
Suppose 4*m + 137 = 5*m - 5*k, -k + 581 = 5*m. Let j be ((-1209)/62)/(4/(-8)). What is the highest common factor of m and j?
39
Let c(v) = 3*v - 37. Let p be c(13). Suppose 2*b = -3*l + b + 29, p*l - 2*b = 6. Let r be 12/5 + (-2)/5. Calculate the greatest common factor of r and l.
2
Suppose -257*l + 244*l + 182 = 0. What is the highest common factor of 322 and l?
14
Let v(l) = 3*l - 13. Let b be v(9). Suppose -16 = -j + b. Let x be (-4)/((-136)/60 - -2). Calculate the highest common divisor of x and j.
15
Let k = 303 + -171. What is the greatest common factor of k and 33?
33
Let g be ((-27)/(-15))/(24/560). What is the greatest common factor of g and 12?
6
Let t(l) = l**3 + 40*l**2 + 27. Let q be t(-40). What is the greatest common factor of 261 and q?
9
Let q = -47 - -51. Suppose 0 = w - 1 - q, x = -2*w + 30. Let v(f) = 9*f + 1. Let i be v(1). Calculate the highest common divisor of x and i.
10
Let p be 3039/5 - 19/(-95). What is the highest common factor of 190 and p?
38
Suppose 0 = -5*c - 5*v + 295, -3*c + 8*c = -v + 307. What is the highest common factor of c and 93?
31
Let p be (6 + 11/(-2))/((-1)/(-24)). What is the highest common factor of 28 and p?
4
Suppose 0 = 3*v - 3*n - 123 - 96, -v - 3*n + 61 = 0. Let s = v - 40. Calculate the highest common divisor of 105 and s.
15
Suppose -111 = -13*u + 8170. Calculate the greatest common factor of 13 and u.
13
Let v = -8 - -20. Suppose 9*g + v = 11*g. Let d be (-12)/g - (-25 - 1). Calculate the highest common divisor of d and 96.
24
Suppose 0 = -3*u + 6. Suppose -5*a + 3*b + 19 = -129, -u*a = 5*b - 84. Calculate the greatest common divisor of a and 4.
4
Let m be ((-116)/12 + 9)/((-10)/165). What is the highest common divisor of 737 and m?
11
Let t be (-9 - 15)*210/(-45). Calculate the greatest common factor of t and 168.
56
Suppose -17*h - 90 = -209. What is the highest common divisor of 728 and h?
7
Suppose -4*x + 2*x - 5*w - 19 = 0, -3*x - w - 9 = 0. Let c(g) = -g**3 + 2*g**2 + g - 1. Let m be c(x). What is the greatest common divisor of 39 and m?
13
Suppose 0 = 10*v - 4738 + 4278. What is the highest common factor of v and 161?
23
Let q be (19 + -3)/(9*6/594). What is the greatest common factor of q and 22?
22
Let q be (-8)/(-10)*5/2. Suppose 3*p = -w + 14 - 0, -42 = -3*w + q*p. Let o be (-21)/14*(-28)/3. Calculate the greatest common factor of o and w.
14
Suppose 9 = 3*y, 2*n - 5*y = 5*n + 24. Let h(l) = -3*l - 31. Let a be h(n). Calculate the greatest common divisor of a and 1.
1
Let t be 8030/35 + 20/35. What is the greatest common factor of 138 and t?
46
Let p be 15/(-20) - 80424/(-96). Calculate the greatest common divisor of 31 and p.
31
Let n be ((-50)/(-6))/(-5) - 10/(-15). Let m = 2 + -8. Let z = n - m. Calculate the highest common factor of 1 and z.
1
Suppose -263 - 133 = -11*s. What is the highest common divisor of s and 600?
12
Let i = -104 - -187. Suppose -t = 35 + i. Let n = t - -174. Calculate the greatest common factor of n and 8.
8
Suppose 0 = 4*b - f + 5, -3*f + 1 + 14 = 2*b. Suppose b*n + 2*n - 64 = 0. Calculate the highest common divisor of n and 16.
16
Let o be (2 + (-14)/(-4))*2. Suppose 0 = o*m - 15*m + 88. What is the greatest common divisor of 242 and m?
22
Let s(w) = -7*w - 7. Let y = -3 + -3. Let f be s(y). What is the greatest common divisor of 175 and f?
35
Let m(b) be the first derivative of b**4/4 + b**3/3 - b**2/2 + 20*b - 28. Let y be m(0). Calculate the highest common divisor of y and 16.
4
Suppose -37*k - 3*r + 3235 = -32*k, 2590 = 4*k + 2*r. What is the greatest common divisor of 100 and k?
50
Let g(x) = -4*x**2 - 2*x + 1. Let z be g(2). Let q = 73 + z. Let j = -15 + 21. What is the highest common divisor of j and q?
6
Suppose 2 = -5*r + 7*r. Let a be (-9)/3*(r - -2). Let n be (-11 - a) + 20/2. Calculate the highest common divisor of n and 2.
2
Let w(a) = 6*a - 28. Let g be w(6). Calculate the highest common divisor of 22 and g.
2
Suppose 0 = 4*n - 4*i - 168, -4*n - 5*i + 35 + 133 = 0. Calculate the greatest common divisor of 98 and n.
14
Suppose 0 = -2*x + 2*o - 2 - 6, 0 = 2*x + 2*o - 12. Let h = 12 - x. What is the greatest common divisor of 55 and h?
11
Suppose 5*x - 1158 = -4*a, -a = -3*x - 4*a + 693. Calculate the highest common factor of x and 18.
18
Suppose 14 = 2*u + 32*m - 37*m, 0 = -u - 2*m - 2. Suppose o - 3*o + 44 = 0. What is the highest common factor of u and o?
2
Let w(d) = -4*d + 3. Let f be w(3). Let y(p) = p**3 - 10*p**2 + 3*p - 16. Let h be y(10). Let k = f + h. Calculate the highest common divisor of k and 20.
5
Suppose 4*d - 372 = o + 3*o, 0 = 5*o + 25. Let b(i) = 6*i**2 - 7*i + 9. Let j be b(3). Let s = 53 - j. Calculate the greatest common divisor of s and d.
11
Suppose 2*h = -0*h - 16. Let j(b) be the third derivative of -5*b**4/24 + 11*b**3/6 + 43*b**2. Let q be j(h). What is the greatest common factor of 17 and q?
17
Suppose 2*g = 0, 4*c - 2*g - 182 = 346. What is the greatest common divisor of 176 and c?
44
Suppose 0 = -13*l + 1781 - 1573. What is the highest common factor of l and 128?
16
Let b = 9 - 6. Suppose -10*i = 15*i - 300. What is the greatest common factor of i and b?
3
Suppose -4*f - k = -629, 25 = 14*k - 9*k. What is the greatest common divisor of 60 and f?
12
Suppose j = 93 - 38. What is the highest common factor of j and 2420?
55
Suppose -32*b + 29*b - 783 = 0. Let w be 2658/(-15) - (-2)/10. Let z = w - b. What is the highest common divisor of z and 21?
21
Suppose -19*x + 15*x = 0. Suppose -3*w + 0*w + m + 35 = 0, x = -w + m + 13. Calculate the highest common factor of 2 and w.
1
Suppose 9 - 6 = 3*y. Suppose -6*p = -29 - y. Suppose 5*c + 2*a = 437 - 177, -p*a = 2*c - 125. Calculate the greatest common divisor of 75 and c.
25
Suppose p = 3*d - 5, 5*d - 15 + 2 = -3*p. Suppose 6 = 2*q + 2. Suppose -4*h - q*x + 38 = 0, -8 - 7 = 5*x. Calculate the highest common factor of p and h.
1
Let s be (-25)/(-10)*(-12 + 2). Let u be ((-10)/s)/((-1)/(-5)). Suppose d + u*d = 81. Calculate the highest common factor of 3 and d.
3
Suppose 2*o - 4 = k - 12, 4*k - 8 = -4*o. Let f be (-2)/3 + (-20)/(-3). Calculate the highest common divisor of f and k.
2
Let s be (1521/(-3))/(-24 - -21). Calculate the highest common divisor of 26 and s.
13
Let a = 2 - -10. Let h(r) = r. Let m(d) = -4*d - 2. Let y(o) = 5*h(o) + m(o). Let s be y(a). Calculate the highest common divisor of s and 15.
5
Suppose -z - 4*z + 130 = -4*s, -5*s = -5*z + 125. Let n = 6 + 3. Suppose 0 = n*t - 147 - 33. What is the highest common factor of t and z?
10
Let z be (-1587)/(-92)*16/6. What is the highest common diviso